y 855?
423
Calculate the remainder when 3619526 is divided by 1179.
1175
What is the remainder when 55915 is divided by 57?
55
Calculate the remainder when 112829 is divided by 16117.
10
Calculate the remainder when 4747293 is divided by 1142.
1141
What is the remainder when 5941 is divided by 1443?
169
What is the remainder when 17837 is divided by 8729?
379
What is the remainder when 1752 is divided by 1573?
179
Calculate the remainder when 4011 is divided by 336.
315
What is the remainder when 1475 is divided by 103?
33
Calculate the remainder when 21970 is divided by 343.
18
Calculate the remainder when 542 is divided by 33.
14
What is the remainder when 578907 is divided by 1749?
1737
What is the remainder when 16503 is divided by 3179?
608
Calculate the remainder when 3911 is divided by 22.
17
Calculate the remainder when 137066 is divided by 1540.
6
What is the remainder when 173445 is divided by 842?
835
What is the remainder when 15902 is divided by 228?
170
Calculate the remainder when 2673 is divided by 645.
93
What is the remainder when 20203 is divided by 9999?
205
Calculate the remainder when 197215 is divided by 1793.
1778
Calculate the remainder when 86381 is divided by 1464.
5
What is the remainder when 17972 is divided by 3483?
557
What is the remainder when 1803 is divided by 424?
107
Calculate the remainder when 555023 is divided by 373.
372
Calculate the remainder when 7765 is divided by 854.
79
Calculate the remainder when 93940 is divided by 11741.
12
What is the remainder when 55467 is divided by 18487?
6
What is the remainder when 15877 is divided by 3174?
7
What is the remainder when 17217 is divided by 52?
5
What is the remainder when 2520520 is divided by 53?
52
Calculate the remainder when 274 is divided by 238.
36
Calculate the remainder when 5318 is divided by 1061.
13
Calculate the remainder when 314400 is divided by 691.
686
Calculate the remainder when 30895 is divided by 6179.
0
Calculate the remainder when 9592 is divided by 3182.
46
What is the remainder when 3406 is divided by 82?
44
What is the remainder when 44562 is divided by 55?
12
What is the remainder when 134307 is divided by 1221?
1218
What is the remainder when 15410 is divided by 376?
370
Calculate the remainder when 345958 is divided by 23.
15
What is the remainder when 20236 is divided by 20235?
1
Calculate the remainder when 21076 is divided by 4212.
16
What is the remainder when 14604 is divided by 25?
4
Calculate the remainder when 1898 is divided by 324.
278
Calculate the remainder when 1501 is divided by 380.
361
What is the remainder when 9356 is divided by 105?
11
What is the remainder when 1061 is divided by 21?
11
Calculate the remainder when 83 is divided by 33.
17
Calculate the remainder when 5079 is divided by 555.
84
Calculate the remainder when 3713 is divided by 18.
5
What is the remainder when 7861 is divided by 463?
453
Calculate the remainder when 1402389 is divided by 20.
9
What is the remainder when 4717 is divided by 1179?
1
Calculate the remainder when 64614 is divided by 5384.
6
What is the remainder when 4337 is divided by 1436?
29
What is the remainder when 354729 is divided by 95?
94
What is the remainder when 1047833 is divided by 1816?
1
Calculate the remainder when 11170 is divided by 272.
18
Calculate the remainder when 363648 is divided by 13.
12
Calculate the remainder when 127765 is divided by 16.
5
What is the remainder when 40405 is divided by 44?
13
Calculate the remainder when 60254 is divided by 30125.
4
Calculate the remainder when 2236 is divided by 283.
255
What is the remainder when 4181 is divided by 2090?
1
Calculate the remainder when 24881 is divided by 51.
44
What is the remainder when 15282 is divided by 2148?
246
Calculate the remainder when 280957 is divided by 160.
157
Calculate the remainder when 3620 is divided by 594.
56
Calculate the remainder when 51167 is divided by 17049.
20
What is the remainder when 2027 is divided by 1167?
860
What is the remainder when 2497 is divided by 16?
1
What is the remainder when 8952 is divided by 1119?
0
Calculate the remainder when 108301 is divided by 3610.
1
Calculate the remainder when 175051 is divided by 25.
1
Calculate the remainder when 226 is divided by 211.
15
What is the remainder when 13835 is divided by 47?
17
What is the remainder when 380383 is divided by 395?
393
What is the remainder when 2508 is divided by 996?
516
What is the remainder when 3444 is divided by 126?
42
What is the remainder when 3725 is divided by 288?
269
What is the remainder when 1357 is divided by 228?
217
What is the remainder when 57500 is divided by 155?
150
Calculate the remainder when 19350 is divided by 21.
9
Calculate the remainder when 1628 is divided by 544.
540
Calculate the remainder when 1155 is divided by 140.
35
What is the remainder when 3177 is divided by 353?
0
What is the remainder when 1008 is divided by 494?
20
What is the remainder when 2956421 is divided by 301?
300
Calculate the remainder when 1093 is divided by 177.
31
Calculate the remainder when 1494345 is divided by 2896.
9
Calculate the remainder when 16561 is divided by 572.
545
Calculate the remainder when 11002 is divided by 84.
82
What is the remainder when 48098 is divided by 1927?
1850
Calculate the remainder when 10393 is divided by 182.
19
What is the remainder when 11245 is divided by 3748?
1
What is the remainder when 8070 is divided by 27?
24
Calculate the remainder when 1049388 is divided by 1010.
1008
Calculate the remainder when 19093 is divided by 36.
13
What is the remainder when 7621 is divided by 1508?
81
What is the remainder when 177499 is divided by 25?
24
What is the remainder when 167787 is divided by 15?
12
Calculate the remainder when 916 is divided by 54.
52
Calculate the remainder when 2361 is divided by 232.
41
Calculate the remainder when 74114 is divided by 207.
8
Calculate the remainder when 1585 is divided by 51.
4
What is the remainder when 3034 is divided by 1?
0
What is the remainder when 1795 is divided by 737?
321
Calculate the remainder when 159079 is divided by 53023.
10
What is the remainder when 24041 is divided by 1846?
43
Calculate the remainder when 247 is divided by 217.
30
Calculate the remainder when 72476 is divided by 36171.
134
What is the remainder when 78646 is divided by 19?
5
What is the remainder when 2556 is divided by 359?
43
Calculate the remainder when 36348 is divided by 71.
67
What is the remainder when 9271 is divided by 901?
261
Calculate the remainder when 82966 is divided by 12.
10
Calculate the remainder when 16790 is divided by 16696.
94
What is the remainder when 47095 is divided by 141?
1
What is the remainder when 439 is divided by 236?
203
Calculate the remainder when 69294 is divided by 210.
204
What is the remainder when 26564 is divided by 8735?
359
What is the remainder when 882186 is divided by 67860?
6
Calculate the remainder when 58028 is divided by 61.
17
What is the remainder when 22538 is divided by 7492?
62
What is the remainder when 2521639 is divided by 88?
87
What is the remainder when 26997 is divided by 3373?
13
Calculate the remainder when 52548 is divided by 13111.
104
Calculate the remainder when 67560 is divided by 407.
405
Calculate the remainder when 4105 is divided by 172.
149
Calculate the remainder when 2856 is divided by 284.
16
What is the remainder when 819 is divided by 809?
10
What is the remainder when 292 is divided by 253?
39
What is the remainder when 189405 is divided by 403?
398
What is the remainder when 2556669 is divided by 96?
93
What is the remainder when 23308 is divided by 485?
28
Calculate the remainder when 59939 is divided by 370.
369
Calculate the remainder when 14486 is divided by 4772.
170
What is the remainder when 73730 is divided by 2377?
43
What is the remainder when 1138 is divided by 165?
148
Calculate the remainder when 216838 is divided by 13.
11
What is the remainder when 5485 is divided by 2570?
345
What is the remainder when 14576 is divided by 81?
77
What is the remainder when 2165 is divided by 617?
314
What is the remainder when 4964 is divided by 92?
88
Calculate the remainder when 35193 is divided by 82.
15
What is the remainder when 3722 is divided by 8